{"id":180,"date":"2015-05-04T08:40:29","date_gmt":"2015-05-04T08:40:29","guid":{"rendered":"http:\/\/www.gradinitasfantamarina.ro\/?page_id=180"},"modified":"2015-05-09T16:44:48","modified_gmt":"2015-05-09T16:44:48","slug":"din-activitatea-noastra","status":"publish","type":"page","link":"https:\/\/www.gradinitasfantamarina.ro\/?page_id=180","title":{"rendered":"Din activitatea noastr\u0103"},"content":{"rendered":"<p>[et_pb_section fullwidth=&#8221;off&#8221; specialty=&#8221;off&#8221; transparent_background=&#8221;off&#8221; background_color=&#8221;#d9f4b1&#8243; allow_player_pause=&#8221;off&#8221; inner_shadow=&#8221;off&#8221; parallax=&#8221;off&#8221; parallax_method=&#8221;off&#8221;][et_pb_row][et_pb_column type=&#8221;1_2&#8243;][et_pb_text admin_label=&#8221;Text&#8221; background_layout=&#8221;light&#8221; text_orientation=&#8221;left&#8221;]<\/p>\n<p><strong><em>Curriculum la decizia gr\u0103dini\u0163ei<\/em><\/strong><strong> (activit\u0103\u0163i op\u0163ionale)<\/strong><strong>: \u00eenv\u0103\u0163\u0103m\u00e2nt diversificat ce stimuleaza rute individuale de preg\u0103tire:<\/strong><\/p>\n<ul>\n<li><strong>Limba englez\u0103;<\/strong><\/li>\n<li><strong>Educa\u0163ie rutier\u0103;<\/strong><\/li>\n<li><strong>Pictur\u0103: \u201cPrietenii curcubeului\u201d;<\/strong><\/li>\n<li><strong>Educa\u0163ie pentru s\u0103n\u0103tate <\/strong><\/li>\n<li><strong>\u201c\u00cen lumea minunat\u0103 a pove\u015ftilor\u201d;<\/strong><\/li>\n<li><strong>Educa\u0163ie sanitar\u0103: \u201cMicii sanitari\u201d;<\/strong><\/li>\n<li><strong>Educatie pentru societate: \u201cS\u0103n\u0103tate de la toate\u201d;<\/strong><\/li>\n<li><strong>Educa\u0163ie ecologic\u0103: \u201cClubul ecologi\u015ftilor\u201d<\/strong><\/li>\n<\/ul>\n<p>[\/et_pb_text][\/et_pb_column][et_pb_column type=&#8221;1_2&#8243;][et_pb_text admin_label=&#8221;Text&#8221; background_layout=&#8221;light&#8221; text_orientation=&#8221;left&#8221;]<\/p>\n<p><strong><em><u>Extracurriculare<\/u><\/em><\/strong><strong>:<\/strong><strong> o palet\u0103 larg\u0103 de activit\u0103\u0163i interesante \u015fi \u00een acela\u015fi timp relaxante <\/strong><\/p>\n<ul>\n<li><strong>vizite;<\/strong><\/li>\n<li><strong>drume\u0163ii;<\/strong><\/li>\n<li><strong>spectacole;<\/strong><\/li>\n<li><strong>expozi\u0163ii;<\/strong><\/li>\n<li><strong>excursii;<\/strong><\/li>\n<\/ul>\n<p><strong>activit\u0103\u0163i \u00een colaborare cu \u015fcoala \u015fi al\u0163i factori educa\u0163ionali<\/strong><\/p>\n<p>[\/et_pb_text][\/et_pb_column][\/et_pb_row][\/et_pb_section][et_pb_section fullwidth=&#8221;off&#8221; specialty=&#8221;off&#8221; transparent_background=&#8221;on&#8221; background_color=&#8221;#ffffff&#8221; allow_player_pause=&#8221;off&#8221; inner_shadow=&#8221;off&#8221; parallax=&#8221;off&#8221; parallax_method=&#8221;off&#8221;][et_pb_row][et_pb_column type=&#8221;4_4&#8243;][et_pb_slider admin_label=&#8221;Slider&#8221; show_arrows=&#8221;on&#8221; show_pagination=&#8221;on&#8221; auto=&#8221;on&#8221; parallax=&#8221;off&#8221; parallax_method=&#8221;off&#8221;][et_pb_slide background_image=&#8221;http:\/\/www.gradinitasfantamarina.ro\/wp-content\/uploads\/2015\/05\/10246356_857057674319708_4566726834637535346_n.jpg&#8221; background_color=&#8221;#ffffff&#8221; alignment=&#8221;center&#8221; background_layout=&#8221;dark&#8221; allow_player_pause=&#8221;off&#8221; \/][et_pb_slide background_image=&#8221;http:\/\/www.gradinitasfantamarina.ro\/wp-content\/uploads\/2015\/05\/1604533_826182857407190_486290141_n.jpg&#8221; background_color=&#8221;#ffffff&#8221; alignment=&#8221;center&#8221; background_layout=&#8221;dark&#8221; allow_player_pause=&#8221;off&#8221; \/][et_pb_slide background_image=&#8221;http:\/\/www.gradinitasfantamarina.ro\/wp-content\/uploads\/2015\/05\/1002694_759235117442905_3076358000525674388_n.jpg&#8221; background_color=&#8221;#ffffff&#8221; alignment=&#8221;center&#8221; background_layout=&#8221;dark&#8221; allow_player_pause=&#8221;off&#8221; \/][et_pb_slide background_image=&#8221;http:\/\/www.gradinitasfantamarina.ro\/wp-content\/uploads\/2015\/05\/10151820_657227507658543_8945947040748710179_n.jpg&#8221; background_color=&#8221;#ffffff&#8221; alignment=&#8221;center&#8221; background_layout=&#8221;dark&#8221; allow_player_pause=&#8221;off&#8221; \/][\/et_pb_slider][\/et_pb_column][\/et_pb_row][\/et_pb_section][et_pb_section fullwidth=&#8221;off&#8221; specialty=&#8221;off&#8221; transparent_background=&#8221;off&#8221; background_color=&#8221;#d9f4b1&#8243; allow_player_pause=&#8221;off&#8221; inner_shadow=&#8221;off&#8221; parallax=&#8221;off&#8221; parallax_method=&#8221;off&#8221;][et_pb_row][et_pb_column type=&#8221;1_2&#8243;][et_pb_text admin_label=&#8221;Text&#8221; background_layout=&#8221;light&#8221; text_orientation=&#8221;left&#8221;]<\/p>\n<p><strong><em>Proiecte si programe:<\/em><\/strong><\/p>\n<ul>\n<li><strong>Proiectul national \u201cEcogr\u0103dini\u0163a\u201d;<\/strong><\/li>\n<li><strong>Proiectul na\u0163ional \u201cKalokagathia\u201d \u2013 program pentru duca\u0163ie fizic\u0103 \u015fi sport;<\/strong><\/li>\n<li><strong>Proiect pantru p\u0103rin\u0163i \u201cEduc\u0103m a\u015fa\u201d;<\/strong><\/li>\n<\/ul>\n<p><strong>Programe educative pe teme de educa\u0163ie sanitar\u0103, rutier\u0103, P.S.I. , religioas\u0103.<\/strong><\/p>\n<p><strong><em>PERFORMAN\u0162E<\/em><\/strong><\/p>\n<ul>\n<li><strong>Concursul \u201cColor\u0103m \u015fi \u00eenv\u0103\u0163\u0103m\u201d;<\/strong><\/li>\n<li><strong>Concursul na\u0163ional \u201cPiticot\u201d.<\/strong><\/li>\n<\/ul>\n<p>[\/et_pb_text][\/et_pb_column][et_pb_column type=&#8221;1_2&#8243;][et_pb_text admin_label=&#8221;Text&#8221; background_layout=&#8221;light&#8221; text_orientation=&#8221;left&#8221;]<\/p>\n<p><strong><em>COLABORAREA CU INSTITU\u021aIILE PUBLICE<\/em><\/strong><\/p>\n<p><strong><em>PARTENERIATE:<\/em><\/strong><\/p>\n<ul>\n<li><strong><em>Editura \u201cProeduca\u0163ia\u201d;<\/em><\/strong><\/li>\n<li><strong><em>Editura \u201cC.D. Press\u201d;<\/em><\/strong><\/li>\n<li><strong><em>C. Succes Deplin \u2013 Coordonatorul Concursurilor Interna\u0163ionale Pre\u015fcolare \u015fi \u015ecolare Winners;<\/em><\/strong><\/li>\n<li><strong><em>Gr\u0103dini\u0163a cu program prelungit nr.1 \u201cDumbrava Minunat\u0103\u201d Pite\u015fti;<\/em><\/strong><\/li>\n<li><strong><em>\u015ecoala cu clasele I-VIII nr.8 Constan\u0163a;<\/em><\/strong><\/li>\n<li><strong><em>Gr\u0103dini\u0163a cu program prelungit C\u00e2mpulung;<\/em><\/strong><\/li>\n<li><strong><em>\u015ecoala nr.3 \u201cNanu Muscel\u201d C\u00e2mpulung;<\/em><\/strong><\/li>\n<li><strong><em>\u015ecoala nr.1 \u201cOprea Iorgulescu\u201d C\u00e2mpulung;<\/em><\/strong><\/li>\n<li><strong><em>Prim\u0103ria Municipiului C\u00e2mpulung\u2019<\/em><\/strong><\/li>\n<li><strong><em>Poli\u0163ia Municipiului C\u00e2mpulng;<\/em><\/strong><\/li>\n<li><strong><em>Inspectoratul pentru Situa\u0163ii de Urgen\u0163\u0103;<\/em><\/strong><\/li>\n<li><strong><em>Muzeul Municipal C\u00e2mpulung;<\/em><\/strong><\/li>\n<\/ul>\n<p><strong><em>Casa de Cultur\u0103 \u201cTudor Mu\u015fatescu\u201d C\u00e2mpulung.<\/em><\/strong><\/p>\n<p>[\/et_pb_text][\/et_pb_column][\/et_pb_row][\/et_pb_section]<\/p>\n","protected":false},"excerpt":{"rendered":"<p><div class=\"et_pb_row et_pb_row_0 et_pb_row_empty\">\n\t\t\t\t\n\t\t\t\t\n\t\t\t\t\n\t\t\t\t\n\t\t\t\t\n\t\t\t<\/div> Curriculum la decizia gr\u0103dini\u0163ei (activit\u0103\u0163i op\u0163ionale): \u00eenv\u0103\u0163\u0103m\u00e2nt diversificat ce stimuleaza rute individuale de preg\u0103tire: Limba englez\u0103; Educa\u0163ie rutier\u0103; Pictur\u0103: \u201cPrietenii curcubeului\u201d; Educa\u0163ie pentru s\u0103n\u0103tate \u201c\u00cen lumea minunat\u0103 a pove\u015ftilor\u201d; Educa\u0163ie sanitar\u0103: \u201cMicii sanitari\u201d; Educatie pentru societate: \u201cS\u0103n\u0103tate de la toate\u201d; Educa\u0163ie ecologic\u0103: \u201cClubul ecologi\u015ftilor\u201d Extracurriculare: o palet\u0103 larg\u0103 de activit\u0103\u0163i interesante \u015fi \u00een acela\u015fi [&hellip;]<\/p>\n","protected":false},"author":1,"featured_media":0,"parent":0,"menu_order":3,"comment_status":"open","ping_status":"open","template":"","meta":{"_et_pb_use_builder":"on","_et_pb_old_content":"","_et_gb_content_width":"","footnotes":""},"class_list":["post-180","page","type-page","status-publish","hentry"],"_links":{"self":[{"href":"https:\/\/www.gradinitasfantamarina.ro\/index.php?rest_route=\/wp\/v2\/pages\/180","targetHints":{"allow":["GET"]}}],"collection":[{"href":"https:\/\/www.gradinitasfantamarina.ro\/index.php?rest_route=\/wp\/v2\/pages"}],"about":[{"href":"https:\/\/www.gradinitasfantamarina.ro\/index.php?rest_route=\/wp\/v2\/types\/page"}],"author":[{"embeddable":true,"href":"https:\/\/www.gradinitasfantamarina.ro\/index.php?rest_route=\/wp\/v2\/users\/1"}],"replies":[{"embeddable":true,"href":"https:\/\/www.gradinitasfantamarina.ro\/index.php?rest_route=%2Fwp%2Fv2%2Fcomments&post=180"}],"version-history":[{"count":15,"href":"https:\/\/www.gradinitasfantamarina.ro\/index.php?rest_route=\/wp\/v2\/pages\/180\/revisions"}],"predecessor-version":[{"id":347,"href":"https:\/\/www.gradinitasfantamarina.ro\/index.php?rest_route=\/wp\/v2\/pages\/180\/revisions\/347"}],"wp:attachment":[{"href":"https:\/\/www.gradinitasfantamarina.ro\/index.php?rest_route=%2Fwp%2Fv2%2Fmedia&parent=180"}],"curies":[{"name":"wp","href":"https:\/\/api.w.org\/{rel}","templated":true}]}}