{"id":186,"date":"2015-05-04T08:41:45","date_gmt":"2015-05-04T08:41:45","guid":{"rendered":"http:\/\/www.gradinitasfantamarina.ro\/?page_id=186"},"modified":"2015-05-09T14:58:37","modified_gmt":"2015-05-09T14:58:37","slug":"resurse","status":"publish","type":"page","link":"https:\/\/www.gradinitasfantamarina.ro\/?page_id=186","title":{"rendered":"Resurse"},"content":{"rendered":"<p>[et_pb_section fullwidth=&#8221;off&#8221; inner_shadow=&#8221;off&#8221; parallax=&#8221;off&#8221; transparent_background=&#8221;off&#8221; allow_player_pause=&#8221;off&#8221; parallax_method=&#8221;off&#8221; background_color=&#8221;#d9f4b1&#8243;][et_pb_row][et_pb_column type=&#8221;4_4&#8243;][et_pb_slider admin_label=&#8221;Slider&#8221; show_arrows=&#8221;on&#8221; show_pagination=&#8221;on&#8221; auto=&#8221;on&#8221; parallax=&#8221;off&#8221; parallax_method=&#8221;off&#8221; auto_speed=&#8221;9000&#8243;][et_pb_slide background_color=&#8221;#c4e860&#8243; image=&#8221;http:\/\/www.gradinitasfantamarina.ro\/wp-content\/uploads\/2015\/05\/salideclasa.jpg&#8221; alignment=&#8221;center&#8221; background_layout=&#8221;light&#8221; allow_player_pause=&#8221;off&#8221;]<\/p>\n<p>&nbsp;<\/p>\n<p>&nbsp;<\/p>\n<p><strong><em>13 s\u0103li de grup\u0103 spa\u0163ioase, bine dotate, cu sectorizare multipl\u0103: \u201cBibliotec\u0103\u201d, \u201c\u015etiin\u0163e\u201d, \u201cConstruc\u0163ii\u201d, \u201cCasa p\u0103pu\u015filor\u201d, \u201cArt\u0103\u201d, mobilier corespunz\u0103tor, func\u0163ional, care \u00eendepline\u015fte parametrii ergonomici specifici v\u00e2rstei pre\u015fcolare<\/em><\/strong><\/p>\n<p>&nbsp;<\/p>\n<p>&nbsp;<\/p>\n<p>[\/et_pb_slide][et_pb_slide background_color=&#8221;#c4e860&#8243; image=&#8221;http:\/\/www.gradinitasfantamarina.ro\/wp-content\/uploads\/2015\/05\/baie.jpg&#8221; alignment=&#8221;center&#8221; background_layout=&#8221;light&#8221; allow_player_pause=&#8221;off&#8221;]<\/p>\n<p>&nbsp;<\/p>\n<p>&nbsp;<\/p>\n<p><strong><em>6 grupuri sanitare dotate modern \u015fi corespunz\u0103tor:<\/em><\/strong><\/p>\n<ul>\n<li><em><strong>gresie, faian\u0163\u0103;<\/strong><\/em><\/li>\n<li><em><strong>obiecte sanitare noi;<\/strong><\/em><\/li>\n<\/ul>\n<p><strong><em>\u00a0\u00a0<\/em><\/strong><\/p>\n<p>&nbsp;<\/p>\n<p>[\/et_pb_slide][et_pb_slide background_color=&#8221;#c4e860&#8243; alignment=&#8221;center&#8221; background_layout=&#8221;light&#8221; allow_player_pause=&#8221;off&#8221; image=&#8221;http:\/\/www.gradinitasfantamarina.ro\/wp-content\/uploads\/2015\/05\/cabinete.jpg&#8221;]<\/p>\n<p>&nbsp;<\/p>\n<p><em><strong>Cabinete: centru de resurse, cabinet medical, bibliotec\u0103<\/strong><\/em><\/p>\n<p>&nbsp;<\/p>\n<p>[\/et_pb_slide][et_pb_slide background_color=&#8221;#c4e860&#8243; image=&#8221;http:\/\/www.gradinitasfantamarina.ro\/wp-content\/uploads\/2015\/05\/salademese.jpg&#8221; alignment=&#8221;center&#8221; background_layout=&#8221;light&#8221; allow_player_pause=&#8221;off&#8221;]<\/p>\n<p>&nbsp;<\/p>\n<p><em><strong>Buc<\/strong><strong>\u00e3t\u00e3rie specializat\u0103 \u00a0, sal\u00e3 de mese spa\u0163ioas\u0103<\/strong><\/em><\/p>\n<p>&nbsp;<\/p>\n<p>[\/et_pb_slide][et_pb_slide background_color=&#8221;#c4e860&#8243; image=&#8221;http:\/\/www.gradinitasfantamarina.ro\/wp-content\/uploads\/2015\/05\/calculatoare.jpg&#8221; alignment=&#8221;center&#8221; background_layout=&#8221;light&#8221; allow_player_pause=&#8221;off&#8221;]<\/p>\n<p>&nbsp;<\/p>\n<p><em><strong>Echipamente, mijloace de \u00eenv\u0103\u0163\u0103m\u00e2nt, material didactic: calculatoare, copiator, televizoare, video-proiector, mijloace audio (casetofoane), jocuri, juc\u0103rii<\/strong><\/em><\/p>\n<p>&nbsp;<\/p>\n<p>[\/et_pb_slide][\/et_pb_slider][\/et_pb_column][\/et_pb_row][\/et_pb_section][et_pb_section fullwidth=&#8221;off&#8221; specialty=&#8221;off&#8221;][et_pb_row][et_pb_column type=&#8221;1_2&#8243;][\/et_pb_column][et_pb_column type=&#8221;1_2&#8243;][et_pb_blog admin_label=&#8221;Blog&#8221; fullwidth=&#8221;on&#8221; posts_number=&#8221;10&#8243; meta_date=&#8221;M j, Y&#8221; show_thumbnail=&#8221;off&#8221; show_content=&#8221;off&#8221; show_more=&#8221;on&#8221; show_author=&#8221;on&#8221; show_date=&#8221;on&#8221; show_categories=&#8221;on&#8221; show_pagination=&#8221;on&#8221; offset_number=&#8221;0&#8243; background_layout=&#8221;light&#8221; \/][\/et_pb_column][\/et_pb_row][\/et_pb_section]<\/p>\n","protected":false},"excerpt":{"rendered":"<p><div class=\"et_pb_row et_pb_row_0 et_pb_row_empty\">\n\t\t\t\t\n\t\t\t\t\n\t\t\t\t\n\t\t\t\t\n\t\t\t\t\n\t\t\t<\/div> &nbsp; &nbsp; 13 s\u0103li de grup\u0103 spa\u0163ioase, bine dotate, cu sectorizare multipl\u0103: \u201cBibliotec\u0103\u201d, \u201c\u015etiin\u0163e\u201d, \u201cConstruc\u0163ii\u201d, \u201cCasa p\u0103pu\u015filor\u201d, \u201cArt\u0103\u201d, mobilier corespunz\u0103tor, func\u0163ional, care \u00eendepline\u015fte parametrii ergonomici specifici v\u00e2rstei pre\u015fcolare &nbsp; &nbsp; &nbsp; &nbsp; 6 grupuri sanitare dotate modern \u015fi corespunz\u0103tor: gresie, faian\u0163\u0103; obiecte sanitare noi; \u00a0\u00a0 &nbsp; &nbsp; Cabinete: centru de resurse, cabinet medical, bibliotec\u0103 [&hellip;]<\/p>\n","protected":false},"author":1,"featured_media":0,"parent":0,"menu_order":4,"comment_status":"open","ping_status":"open","template":"","meta":{"_et_pb_use_builder":"on","_et_pb_old_content":"","_et_gb_content_width":"","footnotes":""},"class_list":["post-186","page","type-page","status-publish","hentry"],"_links":{"self":[{"href":"https:\/\/www.gradinitasfantamarina.ro\/index.php?rest_route=\/wp\/v2\/pages\/186","targetHints":{"allow":["GET"]}}],"collection":[{"href":"https:\/\/www.gradinitasfantamarina.ro\/index.php?rest_route=\/wp\/v2\/pages"}],"about":[{"href":"https:\/\/www.gradinitasfantamarina.ro\/index.php?rest_route=\/wp\/v2\/types\/page"}],"author":[{"embeddable":true,"href":"https:\/\/www.gradinitasfantamarina.ro\/index.php?rest_route=\/wp\/v2\/users\/1"}],"replies":[{"embeddable":true,"href":"https:\/\/www.gradinitasfantamarina.ro\/index.php?rest_route=%2Fwp%2Fv2%2Fcomments&post=186"}],"version-history":[{"count":25,"href":"https:\/\/www.gradinitasfantamarina.ro\/index.php?rest_route=\/wp\/v2\/pages\/186\/revisions"}],"predecessor-version":[{"id":350,"href":"https:\/\/www.gradinitasfantamarina.ro\/index.php?rest_route=\/wp\/v2\/pages\/186\/revisions\/350"}],"wp:attachment":[{"href":"https:\/\/www.gradinitasfantamarina.ro\/index.php?rest_route=%2Fwp%2Fv2%2Fmedia&parent=186"}],"curies":[{"name":"wp","href":"https:\/\/api.w.org\/{rel}","templated":true}]}}