{"id":99,"date":"2015-05-03T12:25:22","date_gmt":"2015-05-03T12:25:22","guid":{"rendered":"http:\/\/www.gradinitasfantamarina.ro\/?page_id=99"},"modified":"2015-05-09T15:26:06","modified_gmt":"2015-05-09T15:26:06","slug":"personal","status":"publish","type":"page","link":"https:\/\/www.gradinitasfantamarina.ro\/?page_id=99","title":{"rendered":"Echipa"},"content":{"rendered":"<p>[et_pb_section background_color=&#8221;#d9f4b1&#8243; inner_shadow=&#8221;on&#8221; transparent_background=&#8221;off&#8221; allow_player_pause=&#8221;off&#8221; parallax=&#8221;off&#8221; parallax_method=&#8221;off&#8221;][et_pb_row][et_pb_column type=&#8221;4_4&#8243;][et_pb_text admin_label=&#8221;Text&#8221; text_orientation=&#8221;center&#8221; background_layout=&#8221;light&#8221;]<\/p>\n<p><strong>COLECTIVUL CADRELOR DIDACTICE DE LA G.P.P \u201cSF.MARINA\u201d C\u00c2MPULUNG<\/strong><\/p>\n<p>\u2022 15 cadre didactice:<\/p>\n<p>din care:<\/p>\n<p>\u2022 15 titulare;<\/p>\n<p>\u2022 10 cadre didactice cu gradul I<\/p>\n<p>\u2022 3 cadre didactice cu gradul II<\/p>\n<p>\u2022 3 cadre didactice cu definitivat<\/p>\n<p>\u00cen cadrul gr\u0103dini\u021bei \u00ee\u0219i desf\u0103\u0219oar\u0103 activitatea \u0219i un num\u0103r de 3 persoane care fac parte din categoria didactic-auxiliar: secretar, contabil,administrator si 10 persoane care fac parte din categoria nedidactic (buc\u0103tar,sp\u0103l\u0103toreas\u0103,\u0219ofer,\u00eengrijitor copii).<\/p>\n<p>&nbsp;<\/p>\n<p>[\/et_pb_text][\/et_pb_column][\/et_pb_row][\/et_pb_section][et_pb_section background_color=&#8221;#d9f4b1&#8243; inner_shadow=&#8221;on&#8221; transparent_background=&#8221;off&#8221; allow_player_pause=&#8221;off&#8221; parallax=&#8221;off&#8221; parallax_method=&#8221;off&#8221;][et_pb_row][et_pb_column type=&#8221;4_4&#8243;][et_pb_text admin_label=&#8221;Text&#8221; text_orientation=&#8221;center&#8221; background_layout=&#8221;light&#8221;]<\/p>\n<p><span style=\"color: #000000;\"><strong>COLECTIVUL CADRELOR DIDACTICE DE LA G.P.P NR.1 C\u00c2MPULUNG<\/strong><\/span><\/p>\n<p>4 cadre didactice<\/p>\n<p>din care:<\/p>\n<p>&#8211; un cadru didactic cu gradul I<\/p>\n<p>&#8211; un cadru didactic cu gradul II<\/p>\n<p>&#8211; dou\u0103 cadre didactice cu definitivat<\/p>\n<p>\u00cen cadrul gr\u0103dini\u021bei \u00ee\u0219i desf\u0103\u0219oar\u0103 activitatea \u0219i un num\u0103r de 3 persoane care fac parte din categoria nedidactic (un buc\u0103tar, doi \u00eengrijitori copii)<\/p>\n<p>[\/et_pb_text][\/et_pb_column][\/et_pb_row][\/et_pb_section]<\/p>\n","protected":false},"excerpt":{"rendered":"<p><div class=\"et_pb_row et_pb_row_0 et_pb_row_empty\">\n\t\t\t\t\n\t\t\t\t\n\t\t\t\t\n\t\t\t\t\n\t\t\t\t\n\t\t\t<\/div> COLECTIVUL CADRELOR DIDACTICE DE LA G.P.P \u201cSF.MARINA\u201d C\u00c2MPULUNG \u2022 15 cadre didactice: din care: \u2022 15 titulare; \u2022 10 cadre didactice cu gradul I \u2022 3 cadre didactice cu gradul II \u2022 3 cadre didactice cu definitivat \u00cen cadrul gr\u0103dini\u021bei \u00ee\u0219i desf\u0103\u0219oar\u0103 activitatea \u0219i un num\u0103r de 3 persoane care fac parte din categoria [&hellip;]<\/p>\n","protected":false},"author":1,"featured_media":0,"parent":0,"menu_order":2,"comment_status":"open","ping_status":"open","template":"","meta":{"_et_pb_use_builder":"on","_et_pb_old_content":"","_et_gb_content_width":"","footnotes":""},"class_list":["post-99","page","type-page","status-publish","hentry"],"_links":{"self":[{"href":"https:\/\/www.gradinitasfantamarina.ro\/index.php?rest_route=\/wp\/v2\/pages\/99","targetHints":{"allow":["GET"]}}],"collection":[{"href":"https:\/\/www.gradinitasfantamarina.ro\/index.php?rest_route=\/wp\/v2\/pages"}],"about":[{"href":"https:\/\/www.gradinitasfantamarina.ro\/index.php?rest_route=\/wp\/v2\/types\/page"}],"author":[{"embeddable":true,"href":"https:\/\/www.gradinitasfantamarina.ro\/index.php?rest_route=\/wp\/v2\/users\/1"}],"replies":[{"embeddable":true,"href":"https:\/\/www.gradinitasfantamarina.ro\/index.php?rest_route=%2Fwp%2Fv2%2Fcomments&post=99"}],"version-history":[{"count":24,"href":"https:\/\/www.gradinitasfantamarina.ro\/index.php?rest_route=\/wp\/v2\/pages\/99\/revisions"}],"predecessor-version":[{"id":372,"href":"https:\/\/www.gradinitasfantamarina.ro\/index.php?rest_route=\/wp\/v2\/pages\/99\/revisions\/372"}],"wp:attachment":[{"href":"https:\/\/www.gradinitasfantamarina.ro\/index.php?rest_route=%2Fwp%2Fv2%2Fmedia&parent=99"}],"curies":[{"name":"wp","href":"https:\/\/api.w.org\/{rel}","templated":true}]}}

<p>[et_pb_section background_color=&#8221;#d9f4b1&#8243; inner_shadow=&#8221;on&#8221; transparent_background=&#8221;off&#8221; allow_player_pause=&#8221;off&#8221; parallax=&#8221;off&#8221; parallax_method=&#8221;off&#8221;][et_pb_row][et_pb_column type=&#8221;4_4&#8243;][et_pb_text admin_label=&#8221;Text&#8221; text_orientation=&#8221;center&#8221; background_layout=&#8221;light&#8221;]</p>
<p><strong>COLECTIVUL CADRELOR DIDACTICE DE LA G.P.P “SF.MARINA” CÂMPULUNG</strong></p>
<p>• 15 cadre didactice:</p>
<p>din care:</p>
<p>• 15 titulare;</p>
<p>• 10 cadre didactice cu gradul I</p>
<p>• 3 cadre didactice cu gradul II</p>
<p>• 3 cadre didactice cu definitivat</p>
<p>În cadrul grădiniței își desfășoară activitatea și un număr de 3 persoane care fac parte din categoria didactic-auxiliar: secretar, contabil,administrator si 10 persoane care fac parte din categoria nedidactic (bucătar,spălătoreasă,șofer,îngrijitor copii).</p>
<p>&nbsp;</p>
<p>[/et_pb_text][/et_pb_column][/et_pb_row][/et_pb_section][et_pb_section background_color=&#8221;#d9f4b1&#8243; inner_shadow=&#8221;on&#8221; transparent_background=&#8221;off&#8221; allow_player_pause=&#8221;off&#8221; parallax=&#8221;off&#8221; parallax_method=&#8221;off&#8221;][et_pb_row][et_pb_column type=&#8221;4_4&#8243;][et_pb_text admin_label=&#8221;Text&#8221; text_orientation=&#8221;center&#8221; background_layout=&#8221;light&#8221;]</p>
<p><span style="color: #000000;"><strong>COLECTIVUL CADRELOR DIDACTICE DE LA G.P.P NR.1 CÂMPULUNG</strong></span></p>
<p>4 cadre didactice</p>
<p>din care:</p>
<p>&#8211; un cadru didactic cu gradul I</p>
<p>&#8211; un cadru didactic cu gradul II</p>
<p>&#8211; două cadre didactice cu definitivat</p>
<p>În cadrul grădiniței își desfășoară activitatea și un număr de 3 persoane care fac parte din categoria nedidactic (un bucătar, doi îngrijitori copii)</p>
<p>[/et_pb_text][/et_pb_column][/et_pb_row][/et_pb_section]</p>

<p><div class="et_pb_row et_pb_row_0 et_pb_row_empty">
				
				
				
				
				
			</div> COLECTIVUL CADRELOR DIDACTICE DE LA G.P.P “SF.MARINA” CÂMPULUNG • 15 cadre didactice: din care: • 15 titulare; • 10 cadre didactice cu gradul I • 3 cadre didactice cu gradul II • 3 cadre didactice cu definitivat În cadrul grădiniței își desfășoară activitatea și un număr de 3 persoane care fac parte din categoria [&hellip;]</p>
